 4. Let q(o) = -o + 1. Determine q(u).
-2
Let l(z) be the third derivative of -29*z**2 - 1/60*z**5 + 1/6*z**4 - 2/3*z**3 + 0 + 0*z. Suppose -2*y = -u - 12, -u + 10 = -5*y + 34. Give l(y).
-4
Let a(t) = -10 - 13 + 4*t + 20. Let v be 1/(1 - (-12)/(-9)). What is a(v)?
-15
Suppose d - 10 = 2*o, 2*d - 12 + 1 = o. Let i(w) = 596*w - 4*w**2 + 0*w**3 + w**3 - 597*w + 3. What is i(d)?
-1
Let k(q) be the second derivative of -q**3/3 - 5*q**2/2 - 9*q + 4. Calculate k(-11).
17
Let i(a) = a**3 + 2*a**2 - 2*a + 4. Suppose 4*h + 121 = -3*j - 149, -4*j = -2*h - 146. Let f = -42 - h. Let w = 24 - f. Give i(w).
1
Let p(n) = 8*n + 1. Let f(q) = -6*q - 2. Let h be f(-1). Suppose 3*z + h = -z. Calculate p(z).
-7
Let q(k) = k + 1. Let y(p) = -p**2 - 5*p - 5. Let t(a) = -5*q(a) - y(a). Let v(w) = -w**3 + 11*w**2 - 30*w + 1. Let b be v(5). Determine t(b).
1
Let g(c) be the first derivative of -c**2/2 - 9*c - 2. Suppose 4*r - 42 = -86. Let d be g(r). Let v(a) = 2*a**3 - a**2 - 3*a + 2. Determine v(d).
8
Let f(j) = j**3 - 6*j**2 + 3*j + 4. Suppose 0 = q - 4*d + 8, -q - 2*d = 3*d - 19. Give f(q).
-16
Let m(z) be the first derivative of z**3/3 - z**2 - 3*z + 10. Calculate m(-4).
21
Let k(l) = -l**3 - 4*l**2 - 3*l + 2. Let v be 2/(-9) + 512/36. Let m(d) = -v - 3*d - 13 + d + 8. Let w be m(-8). Calculate k(w).
2
Let p be (48/120 - (-2)/(-5)) + -3. Let o(w) be the first derivative of -w**4/4 - w**3/3 + 2*w**2 - 1. What is o(p)?
6
Suppose -3*l = -2*l + 1. Let u(r) be the third derivative of -r**5/15 + r**4/12 + r**3/6 + 2*r**2 - 54. Calculate u(l).
-5
Let b = -122 - -122. Let n(v) be the first derivative of v**5/120 + v**4/24 + 5*v**3/3 - 5. Let f(d) be the third derivative of n(d). Calculate f(b).
1
Let a(r) be the third derivative of -r**6/120 + 2*r**5/15 - 7*r**4/24 - r**3/6 + 55*r**2. Give a(7).
-1
Let g(q) = -q**3 + 3*q**2 + 2*q. Let y be 5/(-15)*(-12)/2. Let l = 5 - y. What is g(l)?
6
Suppose -2*k + 21 = 5. Let y(z) be the second derivative of -z**4/12 + 4*z**3/3 + 303*z. Give y(k).
0
Let l(c) = -c**2 - 7*c - 7. Let u be (6/(-2))/(21/(-14)). Suppose 0 = a - 0*a + o + u, 4*a + 3 = -5*o. Let x be a - (-1)/2*4. Give l(x).
3
Let r be (-9 + 6)/(9/(-30)). Let n(w) = 23*w + 4 - r*w - 12*w. Suppose 6 = -3*u + u. Calculate n(u).
1
Let y = -406 + 402. Let j(g) = -g**3 - 5*g**2 + 9. Calculate j(y).
-7
Let b be ((-5)/(-10))/(((-2)/(-1))/(-24)). Let y(n) = -n**2 - n - 4. What is y(b)?
-34
Let o = -1 - 5. Let l = -8 - -11. Let k = o + l. Let x(u) = -u**3 - 3*u**2 + 4*u. Determine x(k).
-12
Let f(a) = a**3 - 59*a**2 - 58*a - 121. Let d be f(60). Suppose -5*p + 5*w + 15 = 0, 0 = 3*p - 2*w - 4 - 6. Let z(m) = p*m - m + 5*m + 1. Determine z(d).
-7
Let s(o) = o**3 - 7*o**2 + 3. Let w(x) = -3*x - 22. Let v be w(-8). Suppose -d + 1 = 2*n - 2, 0 = -v*d + 2*n + 18. What is s(d)?
3
Let o(k) = -k**3 - 2*k**2 - k. Let s be o(-2). Let v(a) = 3*a**3 - 7 - s*a - 2*a**3 - 2*a**2 - 4*a + 7*a**2. Calculate v(-6).
-7
Suppose -8 = 5*b + 2. Let p(l) = 10*l - 2. Give p(b).
-22
Let g(i) be the first derivative of i**4/4 - 7*i**3/3 + 3*i**2 + 7*i + 1129. Suppose 0 = -5*c + c + 24. Calculate g(c).
7
Let q(y) be the second derivative of y**4/12 + y**2/2 + 2*y. Let c be q(0). Suppose 25 = 4*d + c. Let a(x) = x**3 - 7*x**2 + 6*x + 4. What is a(d)?
4
Let u(a) = 2*a**3 - 7*a**2 + 25*a - 14. Let h(v) = -v**3 - 7*v + 1. Let i(w) = 3*h(w) + u(w). Give i(-8).
21
Let j(s) be the third derivative of s**5/60 - s**4/6 + 2*s**3/3 + 84*s**2. Calculate j(4).
4
Let b(m) = 3*m. Let v(s) = 1. Let q(d) = -b(d) + 4*v(d). Calculate q(3).
-5
Let z be (9 + -4)*5*(-6)/(-25). Let k(c) = c**2 - 7*c + 6. What is k(z)?
0
Let a be -1*(0 + 3 - 5). Suppose -x - 3*g - 13 = -2*x, -x = a*g + 2. Suppose 5*p = 6*p + x. Let l(v) = -v - 5. What is l(p)?
-1
Let v(r) = -5*r - 8. Let x(f) = -3*f - 7. Let b(u) = 3*v(u) - 4*x(u). Calculate b(3).
-5
Let k be 6*(12/(-4) - -2). Let a = 8 + k. Let w be (a/(-4))/((-2)/(-24)). Let i(h) = h**2 + 6*h - 1. Calculate i(w).
-1
Suppose 2*p - 12 = -p. Suppose -f = -p*f. Let h be f/(-2) - (-5 + 8). Let b(l) = l**3 + 2*l**2 + 2*l + 2. What is b(h)?
-13
Let s(m) = -m - 1. Let t = -25 - -22. Let g be s(t). Suppose -2 = -l, l - 24 = -g*v - 2*l. Let y(a) = a - 11. What is y(v)?
-2
Let a = 94 - 92. Let t(x) = 2*x**2 + 9*x + 11*x - 16*x + a. Give t(-2).
2
Let n(b) be the third derivative of -b**5/60 + b**4/12 + b**3/3 + 11*b**2. Let v be (-21 - -3)/3 - -4. What is n(v)?
-6
Let u(q) = -q**2 + 4*q + 1. Let z(x) = -x**2 + x - 5. Let m be z(0). Let p(s) = 27*s**2 - 45*s**2 + 5*s + 17*s**2 + 1. Let n(k) = m*u(k) + 4*p(k). What is n(1)?
0
Let b = 6 + -3. Let s(g) be the third derivative of g**5/120 - g**4/24 - 4*g**3/3 + 4*g**2. Let r(a) be the first derivative of s(a). Give r(b).
2
Let r = 50 + -38. Let v(f) = f - 6. Calculate v(r).
6
Suppose 0 = 3*x - z + 1, 2*x + 4*z - 20 = -2*x. Let j(a) = 102*a + 0 - 112*a + 1. Calculate j(x).
-9
Let n = -43 + 45. Suppose n = 9*w - 7. Let v(p) = 12*p**2 - 1. Determine v(w).
11
Let m(j) = -j**2 + 7 + 0*j**2 + 0*j + 23 + 7*j. Let l be m(10). Let t(w) = -w - 11. What is t(l)?
-11
Let w(k) = 3*k**2 + 11*k - 3. Let v(u) = 2*u**2 + 6*u - 2. Let l(a) = -5*v(a) + 3*w(a). Give l(3).
1
Let x(u) = u**2 + 2*u + 50. Let s be x(7). Let o(h) = 0*h + s*h**2 + 3*h - 2 - 114*h**2 - 1. Let n(a) = 4*a**2 - a. Let p be n(-1). Determine o(p).
-13
Let w(s) = -2*s**2 - 8 + 4*s + s**2 + 10 - 2*s**2. Let b(v) = -4*v**2 + 5*v + 2. Let y(x) = -2*b(x) + 3*w(x). Calculate y(4).
-6
Let g(p) = -p**2 + 13*p - 9. Let y be g(12). Let t be (-3)/y + 1 + -2. Let r(v) = -v**2 - 2*v - 2. Calculate r(t).
-2
Let x(a) = a**3 + 10*a**2 + 9*a + 6. Let j be x(-9). Let r(c) = -c + 2. What is r(j)?
-4
Let h(u) = -11*u**3 - 10*u**2 - 10*u + 8. Let d(a) = 9*a**3 + 8*a**2 + 10*a - 8. Let l(s) = 6*d(s) + 5*h(s). Calculate l(2).
-4
Let n(l) = l + 2. Suppose -153 = -5*v - 28. Suppose -5*t - 10 = v. What is n(t)?
-5
Let g(o) = o**3 - 8*o**2 - 9*o. Let x(a) = -a**3 + 9*a**2 + 10*a - 1. Let q(r) = -5*g(r) - 4*x(r). Give q(5).
4
Let t = 375 - 381. Let h(g) = -g - 1. What is h(t)?
5
Let q(l) = l**3 + 8*l**2 + 12*l - 3. Let a be q(-6). Let h be 15/27*-3*a*1. Let z(f) = 4*f**2 - 5 + 8*f + f**3 - 2*f**3 - f**2. What is z(h)?
-15
Let k(q) = 7787 - q**2 - 3893 - 3893 + 2*q. Give k(3).
-2
Let h(s) = 6*s**2 + 10*s + 19. Let y(u) = -5*u**2 - 10*u - 17. Let k(l) = -4*h(l) - 5*y(l). Give k(-6).
-15
Let j(w) = 2*w**2 - 2*w + 6. Let m(y) = 4*y**2 - 4*y + 11. Let o(i) = -11*j(i) + 6*m(i). Suppose 4*h - 6*h + 6 = 0. What is o(h)?
12
Let a(u) = 2*u**3 + 3*u**2 + u + 2. Let r(n) = -n**3 - 3*n**2 - n - 1. Let m(w) = -3*a(w) - 4*r(w). Calculate m(3).
-26
Let j(x) = -x**2 - 2*x - 1. Let d(g) = -g**3 + 12*g**2 - 15*g - 40. Let q be d(10). Let f(l) = l**3 - 11*l**2 + 7*l + 27. Let r be f(q). Give j(r).
-4
Suppose 2*v + 18 = 5*o - 10, -3*v - 32 = -5*o. Let m(l) = l**3 + 3*l**2 + 4. What is m(v)?
-12
Suppose -9 - 31 = 5*m. Let l(x) = -4*x**3 + 5*x**2 + 8*x - 2. Let o(u) = -11*u**3 + 15*u**2 + 23*u - 6. Let b(h) = m*l(h) + 3*o(h). Calculate b(6).
-8
Let s(d) be the second derivative of -d**3/6 - d**2 + 119*d. What is s(5)?
-7
Let t(x) = x**3 - 2*x**2 + x + 1. Let d be t(4). Let u(o) = d*o - 79*o + 2 + 41*o. Let h be 0/1*5/5. Give u(h).
2
Let r(m) = 11 - 4*m - 28 + 10. What is r(-3)?
5
Let b(h) = 19*h**3 + 7*h + 94 - 10*h**2 - 86 - 18*h**3. Determine b(9).
-10
Let f(d) = 19*d**2 + 2*d + 6. Let k be f(-4). Let j(m) = 150*m + 153*m + 5 - k*m. Determine j(6).
11
Let h = -17 - -12. Let b(a) = 9*a + 1 - a**3 + 2*a**3 + 0*a**3 - 11*a + 4*a**2. Determine b(h).
-14
Let m(j) be the third derivative of j**6/60 - j**5/60 - j**4/12 + j**3/2 - 2*j**2 - 22. What is m(2)?
11
Let z(d) be the third derivative of -d**6/120 - 7*d**5/60 + d**4/12 + 7*d**3/6 - 199*d**2. Let y(g) = -g**2 + g - 7. Let x be y(0). Calculate z(x).
-7
Let n(w) = -4*w + 12. Let d = -1661 + 1671. Give n(d).
-28
Let r(g) = -g**3 + 8*g**2 - 11. Let n(x) = 18*x - 118. Let f be n(7). What is r(f)?
-11
Let s(d) = 19*d**2 + 6*d + 29. Let p(k) = -8*k**2 - 3*k - 14. Let m(n) = 7*p(n) + 3*s(n). What is m(6)?
7
Let t(a) = -34 + a - 10*a + a**2 + 22. What is t(10)?
-2
Let q(o) = 11*o**3 - 2*o**2 + 2*o - 1. Suppose -2*h - 1 = 1. Let v be (h/(-2))/(2/12). Suppose -4 = 2*s - v*d - 0, 5*s = -5*d + 15. Determine q(s).
10
Suppo